43.
67
Calculate the greatest common factor of 3 and 37085.
1
What is the greatest common divisor of 4512 and 113364?
564
Calculate the greatest common factor of 536892 and 12.
12
What is the highest common divisor of 15059 and 220?
11
Calculate the greatest common factor of 784 and 379309.
49
Calculate the highest common factor of 11704 and 9856.
616
Calculate the highest common divisor of 3634843 and 6882.
1147
What is the highest common factor of 450 and 59760?
90
Calculate the highest common divisor of 364 and 1807533.
91
Calculate the greatest common divisor of 11067 and 39711.
651
What is the greatest common divisor of 336 and 168546?
42
What is the highest common divisor of 28 and 24177748?
28
What is the highest common divisor of 191906 and 1525?
61
What is the greatest common factor of 2373 and 565?
113
Calculate the greatest common factor of 170 and 67966.
34
What is the greatest common divisor of 4 and 84000?
4
What is the greatest common factor of 922 and 171953?
461
What is the greatest common factor of 1707980 and 11060?
1580
Calculate the highest common divisor of 126 and 174450.
6
What is the greatest common divisor of 46 and 569664?
46
Calculate the highest common factor of 1161 and 2844063.
387
Calculate the highest common divisor of 2406 and 3112562.
802
What is the greatest common divisor of 13348 and 8875?
71
Calculate the highest common divisor of 26000 and 1820.
260
Calculate the highest common factor of 2742 and 75.
3
What is the highest common divisor of 9680 and 29720?
40
Calculate the highest common divisor of 4163 and 19367.
181
Calculate the highest common divisor of 516 and 371262.
258
Calculate the highest common factor of 94 and 321386.
94
What is the greatest common factor of 154 and 1398089?
77
What is the highest common divisor of 97156 and 227?
227
What is the greatest common factor of 6572 and 17484?
124
Calculate the highest common factor of 5148 and 29700.
396
Calculate the highest common divisor of 3179 and 517.
11
What is the greatest common divisor of 155041 and 227?
227
What is the highest common factor of 1863 and 377913?
69
Calculate the greatest common divisor of 447 and 311112.
447
Calculate the highest common divisor of 103 and 438574.
103
Calculate the greatest common divisor of 423 and 34254.
9
Calculate the highest common divisor of 22392 and 292.
4
Calculate the highest common factor of 1901529 and 189.
189
Calculate the greatest common divisor of 882 and 30114.
126
Calculate the greatest common divisor of 1019655 and 1079.
1079
Calculate the greatest common factor of 672 and 23212.
28
Calculate the greatest common divisor of 321 and 7071.
3
Calculate the highest common factor of 1134 and 34034.
14
Calculate the highest common factor of 16121 and 25382.
343
What is the greatest common factor of 6 and 14298?
6
What is the highest common factor of 24721 and 185198?
419
What is the greatest common factor of 119 and 8351?
7
What is the greatest common divisor of 2881 and 258?
43
Calculate the greatest common factor of 165624 and 72.
24
What is the highest common divisor of 42504 and 472098?
1518
Calculate the greatest common divisor of 19992 and 9384.
408
Calculate the highest common factor of 715 and 1026311.
143
What is the greatest common divisor of 18283 and 423?
47
Calculate the greatest common divisor of 1720 and 3560.
40
What is the highest common factor of 1923 and 15?
3
What is the greatest common factor of 370794 and 36?
6
What is the highest common divisor of 14722 and 52826?
866
What is the highest common factor of 8 and 49144?
8
What is the greatest common divisor of 21 and 10580787?
21
Calculate the greatest common factor of 2529 and 180121.
281
Calculate the highest common divisor of 8 and 1194304.
8
What is the greatest common factor of 10 and 5161670?
10
What is the highest common divisor of 208406 and 110?
22
Calculate the highest common divisor of 80 and 1349160.
40
Calculate the highest common factor of 3256 and 111.
37
What is the greatest common factor of 339521 and 82?
41
Calculate the highest common divisor of 1235 and 19682.
13
Calculate the greatest common factor of 14968 and 32.
8
What is the greatest common factor of 560 and 55160?
280
What is the greatest common divisor of 349798 and 6148?
58
Calculate the highest common factor of 10740 and 96.
12
What is the greatest common divisor of 27921 and 2724?
681
What is the greatest common factor of 7056 and 161406?
882
Calculate the highest common factor of 1432 and 1088.
8
Calculate the greatest common factor of 138 and 3272463.
69
Calculate the greatest common divisor of 90 and 155670.
30
What is the highest common divisor of 12816 and 384?
48
Calculate the greatest common divisor of 107211 and 39.
39
What is the greatest common divisor of 32274 and 3047?
11
Calculate the highest common factor of 119416 and 46.
46
What is the highest common divisor of 146913 and 1755?
39
What is the highest common factor of 543102 and 11658?
402
What is the greatest common divisor of 152 and 2185?
19
What is the greatest common factor of 5292320 and 194?
194
What is the highest common factor of 32736 and 866976?
1056
Calculate the highest common divisor of 20820 and 90.
30
Calculate the highest common factor of 778 and 28.
2
What is the highest common factor of 4 and 144392?
4
What is the greatest common divisor of 37635 and 435?
15
What is the greatest common factor of 1087089 and 3?
3
What is the greatest common divisor of 68 and 605778?
34
Calculate the highest common factor of 204 and 8517.
51
What is the highest common factor of 60750 and 45?
45
What is the highest common factor of 131814 and 30?
6
Calculate the highest common factor of 216611 and 61.
61
Calculate the highest common divisor of 2450 and 9856.
14
Calculate the highest common divisor of 603 and 416070.
603
Calculate the greatest common divisor of 108 and 86124.
12
What is the greatest common divisor of 1763 and 15375?
41
Calculate the highest common factor of 82746 and 18.
18
Calculate the greatest common divisor of 3612 and 286524.
84
What is the greatest common factor of 4 and 8012?
4
Calculate the highest common divisor of 2503008 and 128.
32
Calculate the greatest common factor of 333 and 2160.
9
Calculate the greatest common divisor of 222 and 15762.
222
Calculate the highest common factor of 225225 and 300.
75
Calculate the highest common divisor of 2215488 and 154.
22
What is the highest common divisor of 1120 and 4656736?
224
Calculate the highest common factor of 254910 and 3045.
435
What is the highest common factor of 4838 and 10974?
118
Calculate the highest common divisor of 72 and 3535416.
72
What is the highest common divisor of 4922656 and 136?
136
Calculate the greatest common factor of 2421 and 5706297.
2421
Calculate the greatest common factor of 912 and 464664.
456
Calculate the highest common factor of 68560 and 608.
16
What is the greatest common factor of 3375 and 3125?
125
What is the highest common divisor of 66847 and 5841?
649
What is the highest common divisor of 2208 and 16928?
736
What is the highest common factor of 27 and 466560?
27
Calculate the highest common factor of 20532 and 44604.
708
Calculate the highest common divisor of 2752 and 386656.
1376
What is the highest common divisor of 49 and 306887?
49
What is the greatest common factor of 156474 and 177?
3
Calculate the greatest common divisor of 14 and 585410.
14
What is the greatest common factor of 642727 and 444?
37
What is the greatest common factor of 1633590 and 1260?
630
Calculate the highest common factor of 624 and 18512.
208
What is the greatest common factor of 9 and 116001?
9
Calculate the greatest common factor of 54 and 6918.
6
What is the greatest common divisor of 1462 and 1632?
34
Calculate the greatest common factor of 304 and 1380236.
76
What is the highest common divisor of 972 and 46224?
108
Calculate the highest common factor of 103729 and 141.
47
Calculate the highest common factor of 105098 and 14.
14
What is the greatest common factor of 627 and 6105?
33
Calculate the greatest common divisor of 8735 and 1195.
5
Calculate the greatest common divisor of 287943 and 369.
123
Calculate the highest common factor of 420 and 768.
12
Calculate the greatest comm